{"id":120,"date":"2025-02-01T14:03:00","date_gmt":"2025-02-01T14:03:00","guid":{"rendered":"https:\/\/jaktodelamemy.cz\/?page_id=120"},"modified":"2025-10-03T12:24:18","modified_gmt":"2025-10-03T12:24:18","slug":"inprint-3","status":"publish","type":"page","link":"https:\/\/jaktodelamemy.cz\/?page_id=120","title":{"rendered":"InPrint 3"},"content":{"rendered":"<p><img decoding=\"async\" class=\"wp-image-124 alignleft\" src=\"https:\/\/jaktodelamemy.cz\/wp-content\/uploads\/2025\/02\/Snimek-obrazovky-2025-02-01-v-15.09.13.png\" alt=\"\" width=\"141\" height=\"203\" srcset=\"https:\/\/jaktodelamemy.cz\/wp-content\/uploads\/2025\/02\/Snimek-obrazovky-2025-02-01-v-15.09.13.png 774w, https:\/\/jaktodelamemy.cz\/wp-content\/uploads\/2025\/02\/Snimek-obrazovky-2025-02-01-v-15.09.13-208x300.png 208w, https:\/\/jaktodelamemy.cz\/wp-content\/uploads\/2025\/02\/Snimek-obrazovky-2025-02-01-v-15.09.13-710x1024.png 710w, https:\/\/jaktodelamemy.cz\/wp-content\/uploads\/2025\/02\/Snimek-obrazovky-2025-02-01-v-15.09.13-768x1107.png 768w\" sizes=\"(max-width: 141px) 100vw, 141px\" \/><\/p>\n<p>InPrint 3 je specializovan\u00fd software ur\u010den\u00fd k vytv\u00e1\u0159en\u00ed vizu\u00e1ln\u00edch materi\u00e1l\u016f pro osoby se speci\u00e1ln\u00edmi vzd\u011bl\u00e1vac\u00edmi pot\u0159ebami. Umo\u017e\u0148uje snadno vytv\u00e1\u0159et komunika\u010dn\u00ed tabulky, pracovn\u00ed listy, denn\u00ed re\u017eimy a dal\u0161\u00ed podp\u016frn\u00e9 materi\u00e1ly. D\u00edky rozs\u00e1hl\u00e9 knihovn\u011b symbol\u016f Widgit a mo\u017enosti p\u0159izp\u016fsoben\u00ed je ide\u00e1ln\u00ed pro pedagogy, terapeuty i rodi\u010de, kte\u0159\u00ed cht\u011bj\u00ed podpo\u0159it porozum\u011bn\u00ed a komunikaci d\u011bt\u00ed i dosp\u011bl\u00fdch.<\/p>\n<p>Vytvo\u0159en\u00e9 materi\u00e1ly lze v\u0161ak vyu\u017e\u00edt i v b\u011b\u017en\u00e9 v\u00fduce \u2013 nap\u0159\u00edklad k podpo\u0159e porozum\u011bn\u00ed u\u010divu, zp\u0159ehledn\u011bn\u00ed instrukc\u00ed nebo jako vizu\u00e1ln\u00ed pom\u016fcku pro \u017e\u00e1ky, kte\u0159\u00ed l\u00e9pe vn\u00edmaj\u00ed informace skrze obr\u00e1zky. Z\u00e1le\u017e\u00ed jen na p\u0159\u00edstupu u\u010ditele a jeho kreativn\u00edm vyu\u017eit\u00ed n\u00e1stroje.<\/p>\n<p>Vytvo\u0159en\u00e9 materi\u00e1ly v programu InPrint 3 si m\u016f\u017eete st\u00e1hnout v sekci <span style=\"color: #ff0000;\"><strong><a style=\"color: #ff0000;\" href=\"https:\/\/jaktodelamemy.cz\/?cat=98\">Materi\u00e1ly k vytisknut\u00ed<\/a><\/strong>,<\/span> \u00a0kde najdete r\u016fzn\u00e9 \u0161ablony a hotov\u00e9 v\u00fdukov\u00e9 materi\u00e1ly p\u0159ipraven\u00e9 k okam\u017eit\u00e9mu pou\u017eit\u00ed.<\/p>\n<p>&nbsp;<\/p>\n<blockquote>\n<h4>Ofici\u00e1ln\u00ed partner InPrint 3 pro \u010ceskou republiku<\/h4>\n<\/blockquote>\n<section id=\"inprint-partner\"><strong>Speci\u00e1ln\u011b pedagogick\u00e9 centrum pro d\u011bti a ml\u00e1de\u017e s vadami \u0159e\u010di<\/strong> \u2013\u00a0<span style=\"color: #ff0000;\"><strong><a style=\"color: #ff0000;\" href=\"https:\/\/www.alternativnikomunikace.cz\" target=\"_blank\" rel=\"noopener\">alternativnikomunikace.cz<\/a> <\/strong><\/span>je ofici\u00e1ln\u00edm partnerem softwaru <strong>InPrint\u00a03<\/strong> pro \u010ceskou republiku.<\/p>\n<blockquote>\n<h4>Co SPC nab\u00edz\u00ed:<\/h4>\n<\/blockquote>\n<ul>\n<li><strong>E-shop s licencemi<\/strong> \u2013 mo\u017enost zakoupit licence InPrint\u00a03 a dal\u0161\u00ed produkty p\u0159\u00edmo online.<br \/>\n<span style=\"color: #000000;\"><a style=\"color: #000000;\" href=\"https:\/\/www.alternativnikomunikace.cz\/stranka-e-shop-96\" target=\"_blank\" rel=\"noopener\">Nav\u0161t\u00edvit e-shop<\/a>.<\/span><\/li>\n<li><strong>Akreditovan\u00e1 \u0161kolen\u00ed<\/strong> \u2013 kurzy pr\u00e1ce s programem InPrint (prezen\u010dn\u011b i online), veden\u00e9 zku\u0161en\u00fdmi lektory a akreditovan\u00e9 M\u0160MT.<br \/>\n<span style=\"color: #000000;\"><a style=\"color: #000000;\" href=\"https:\/\/www.alternativnikomunikace.cz\/clanek-prace-s-programem-inprint-3-535\" target=\"_blank\" rel=\"noopener\">V\u00edce o \u0161kolen\u00edch<\/a>.<\/span><\/li>\n<li><strong>Metodick\u00e1 podpora<\/strong> \u2013 konzultace, n\u00e1vody a pomoc p\u0159i aplikaci softwaru ve v\u00fduce a p\u0159i tvorb\u011b v\u00fdukov\u00fdch materi\u00e1l\u016f.<\/li>\n<li><strong>Komunita u\u017eivatel\u016f<\/strong> \u2013 facebookov\u00e1 skupina<br \/>\n<span style=\"color: #000000;\"><a style=\"color: #000000;\" href=\"https:\/\/www.facebook.com\/groups\/891453374957216\/\" target=\"_blank\" rel=\"noopener\">SymWriter a InPrint 3 \u2013 Zku\u0161enosti a tipy<\/a>,<\/span><br \/>\nkde lze sd\u00edlet uk\u00e1zky, n\u00e1pady a zku\u0161enosti s pou\u017e\u00edv\u00e1n\u00edm programu.<\/li>\n<\/ul>\n<blockquote>\n<h4>Kontakt<\/h4>\n<\/blockquote>\n<p>SPC pro vady \u0159e\u010di, Jivensk\u00e1\u00a07, 140\u00a000 Praha\u00a04<br \/>\n<span style=\"color: #000000;\">Tel.: <a style=\"color: #000000;\" href=\"tel:+420222518280\">+420\u00a0222\u00a0518\u00a0280<\/a><\/span><br \/>\n<span style=\"color: #000000;\">E-mail: <span style=\"color: #ff0000;\"><a style=\"color: #ff0000;\" href=\"obchod@alternativnikomunikace.cz\">obchod@alternativnikomunikace.cz<\/a><\/span><\/span><br \/>\n<span style=\"color: #000000;\">Web: <a style=\"color: #000000;\" href=\"https:\/\/www.alternativnikomunikace.cz\" target=\"_blank\" rel=\"noopener\">alternativnikomunikace.cz<\/a><\/span><\/p>\n<blockquote>\n<h4>V\u00edce video podpory <span style=\"color: #ff0000;\"><a style=\"color: #ff0000;\" href=\"https:\/\/www.youtube.com\/@inprint3asymwriter2-zkusen53\">naleznete zde<\/a><\/span><\/h4>\n<\/blockquote>\n<p><iframe loading=\"lazy\" title=\"\u00daVOD DO PROGRAMU INPRINT\" width=\"640\" height=\"360\" src=\"https:\/\/www.youtube.com\/embed\/TsNs6fU-tlc?feature=oembed\" frameborder=\"0\" allow=\"accelerometer; autoplay; clipboard-write; encrypted-media; gyroscope; picture-in-picture; web-share\" referrerpolicy=\"strict-origin-when-cross-origin\" allowfullscreen><\/iframe><\/p>\n<blockquote>\n<h4>Uk\u00e1zka pracovn\u00edho prost\u0159ed\u00ed InPrint 3<\/h4>\n<\/blockquote>\n<div id='gallery-1' class='gallery galleryid-120 gallery-columns-3 gallery-size-medium'><figure class='gallery-item'>\n\t\t\t<div class='gallery-icon landscape'>\n\t\t\t\t<a href='https:\/\/jaktodelamemy.cz\/wp-content\/uploads\/2025\/02\/Snimek-obrazovky-2025-02-02-100617.png'><img decoding=\"async\" width=\"300\" height=\"159\" src=\"https:\/\/jaktodelamemy.cz\/wp-content\/uploads\/2025\/02\/Snimek-obrazovky-2025-02-02-100617-300x159.png\" class=\"attachment-medium size-medium\" alt=\"\" srcset=\"https:\/\/jaktodelamemy.cz\/wp-content\/uploads\/2025\/02\/Snimek-obrazovky-2025-02-02-100617-300x159.png 300w, https:\/\/jaktodelamemy.cz\/wp-content\/uploads\/2025\/02\/Snimek-obrazovky-2025-02-02-100617-1024x541.png 1024w, https:\/\/jaktodelamemy.cz\/wp-content\/uploads\/2025\/02\/Snimek-obrazovky-2025-02-02-100617-768x406.png 768w, https:\/\/jaktodelamemy.cz\/wp-content\/uploads\/2025\/02\/Snimek-obrazovky-2025-02-02-100617-1536x812.png 1536w, https:\/\/jaktodelamemy.cz\/wp-content\/uploads\/2025\/02\/Snimek-obrazovky-2025-02-02-100617.png 1919w\" sizes=\"(max-width: 300px) 100vw, 300px\" \/><\/a>\n\t\t\t<\/div><\/figure><figure class='gallery-item'>\n\t\t\t<div class='gallery-icon landscape'>\n\t\t\t\t<a href='https:\/\/jaktodelamemy.cz\/wp-content\/uploads\/2025\/02\/Snimek-obrazovky-2025-02-02-100752.png'><img decoding=\"async\" width=\"300\" height=\"159\" src=\"https:\/\/jaktodelamemy.cz\/wp-content\/uploads\/2025\/02\/Snimek-obrazovky-2025-02-02-100752-300x159.png\" class=\"attachment-medium size-medium\" alt=\"\" srcset=\"https:\/\/jaktodelamemy.cz\/wp-content\/uploads\/2025\/02\/Snimek-obrazovky-2025-02-02-100752-300x159.png 300w, https:\/\/jaktodelamemy.cz\/wp-content\/uploads\/2025\/02\/Snimek-obrazovky-2025-02-02-100752-1024x542.png 1024w, https:\/\/jaktodelamemy.cz\/wp-content\/uploads\/2025\/02\/Snimek-obrazovky-2025-02-02-100752-768x407.png 768w, https:\/\/jaktodelamemy.cz\/wp-content\/uploads\/2025\/02\/Snimek-obrazovky-2025-02-02-100752-1536x813.png 1536w, https:\/\/jaktodelamemy.cz\/wp-content\/uploads\/2025\/02\/Snimek-obrazovky-2025-02-02-100752.png 1919w\" sizes=\"(max-width: 300px) 100vw, 300px\" \/><\/a>\n\t\t\t<\/div><\/figure><figure class='gallery-item'>\n\t\t\t<div class='gallery-icon landscape'>\n\t\t\t\t<a href='https:\/\/jaktodelamemy.cz\/wp-content\/uploads\/2025\/02\/Snimek-obrazovky-2025-02-02-100657.png'><img decoding=\"async\" width=\"300\" height=\"159\" src=\"https:\/\/jaktodelamemy.cz\/wp-content\/uploads\/2025\/02\/Snimek-obrazovky-2025-02-02-100657-300x159.png\" class=\"attachment-medium size-medium\" alt=\"\" srcset=\"https:\/\/jaktodelamemy.cz\/wp-content\/uploads\/2025\/02\/Snimek-obrazovky-2025-02-02-100657-300x159.png 300w, https:\/\/jaktodelamemy.cz\/wp-content\/uploads\/2025\/02\/Snimek-obrazovky-2025-02-02-100657-1024x543.png 1024w, https:\/\/jaktodelamemy.cz\/wp-content\/uploads\/2025\/02\/Snimek-obrazovky-2025-02-02-100657-768x407.png 768w, https:\/\/jaktodelamemy.cz\/wp-content\/uploads\/2025\/02\/Snimek-obrazovky-2025-02-02-100657-1536x814.png 1536w, https:\/\/jaktodelamemy.cz\/wp-content\/uploads\/2025\/02\/Snimek-obrazovky-2025-02-02-100657.png 1919w\" sizes=\"(max-width: 300px) 100vw, 300px\" \/><\/a>\n\t\t\t<\/div><\/figure><figure class='gallery-item'>\n\t\t\t<div class='gallery-icon landscape'>\n\t\t\t\t<a href='https:\/\/jaktodelamemy.cz\/wp-content\/uploads\/2025\/02\/Snimek-obrazovky-2025-02-02-100553.png'><img decoding=\"async\" width=\"300\" height=\"159\" src=\"https:\/\/jaktodelamemy.cz\/wp-content\/uploads\/2025\/02\/Snimek-obrazovky-2025-02-02-100553-300x159.png\" class=\"attachment-medium size-medium\" alt=\"\" srcset=\"https:\/\/jaktodelamemy.cz\/wp-content\/uploads\/2025\/02\/Snimek-obrazovky-2025-02-02-100553-300x159.png 300w, https:\/\/jaktodelamemy.cz\/wp-content\/uploads\/2025\/02\/Snimek-obrazovky-2025-02-02-100553-1024x542.png 1024w, https:\/\/jaktodelamemy.cz\/wp-content\/uploads\/2025\/02\/Snimek-obrazovky-2025-02-02-100553-768x406.png 768w, https:\/\/jaktodelamemy.cz\/wp-content\/uploads\/2025\/02\/Snimek-obrazovky-2025-02-02-100553-1536x812.png 1536w, https:\/\/jaktodelamemy.cz\/wp-content\/uploads\/2025\/02\/Snimek-obrazovky-2025-02-02-100553.png 1919w\" sizes=\"(max-width: 300px) 100vw, 300px\" \/><\/a>\n\t\t\t<\/div><\/figure><figure class='gallery-item'>\n\t\t\t<div class='gallery-icon landscape'>\n\t\t\t\t<a href='https:\/\/jaktodelamemy.cz\/wp-content\/uploads\/2025\/02\/Snimek-obrazovky-2025-02-01-154513.png'><img decoding=\"async\" width=\"300\" height=\"170\" src=\"https:\/\/jaktodelamemy.cz\/wp-content\/uploads\/2025\/02\/Snimek-obrazovky-2025-02-01-154513-300x170.png\" class=\"attachment-medium size-medium\" alt=\"\" srcset=\"https:\/\/jaktodelamemy.cz\/wp-content\/uploads\/2025\/02\/Snimek-obrazovky-2025-02-01-154513-300x170.png 300w, https:\/\/jaktodelamemy.cz\/wp-content\/uploads\/2025\/02\/Snimek-obrazovky-2025-02-01-154513-1024x580.png 1024w, https:\/\/jaktodelamemy.cz\/wp-content\/uploads\/2025\/02\/Snimek-obrazovky-2025-02-01-154513-768x435.png 768w, https:\/\/jaktodelamemy.cz\/wp-content\/uploads\/2025\/02\/Snimek-obrazovky-2025-02-01-154513-1536x870.png 1536w, https:\/\/jaktodelamemy.cz\/wp-content\/uploads\/2025\/02\/Snimek-obrazovky-2025-02-01-154513-1360x765.png 1360w, https:\/\/jaktodelamemy.cz\/wp-content\/uploads\/2025\/02\/Snimek-obrazovky-2025-02-01-154513.png 1904w\" sizes=\"(max-width: 300px) 100vw, 300px\" \/><\/a>\n\t\t\t<\/div><\/figure><figure class='gallery-item'>\n\t\t\t<div class='gallery-icon landscape'>\n\t\t\t\t<a href='https:\/\/jaktodelamemy.cz\/wp-content\/uploads\/2025\/02\/Snimek-obrazovky-2025-02-01-154752.png'><img decoding=\"async\" width=\"300\" height=\"169\" src=\"https:\/\/jaktodelamemy.cz\/wp-content\/uploads\/2025\/02\/Snimek-obrazovky-2025-02-01-154752-300x169.png\" class=\"attachment-medium size-medium\" alt=\"\" srcset=\"https:\/\/jaktodelamemy.cz\/wp-content\/uploads\/2025\/02\/Snimek-obrazovky-2025-02-01-154752-300x169.png 300w, https:\/\/jaktodelamemy.cz\/wp-content\/uploads\/2025\/02\/Snimek-obrazovky-2025-02-01-154752-1024x576.png 1024w, https:\/\/jaktodelamemy.cz\/wp-content\/uploads\/2025\/02\/Snimek-obrazovky-2025-02-01-154752-768x432.png 768w, https:\/\/jaktodelamemy.cz\/wp-content\/uploads\/2025\/02\/Snimek-obrazovky-2025-02-01-154752-1536x864.png 1536w, https:\/\/jaktodelamemy.cz\/wp-content\/uploads\/2025\/02\/Snimek-obrazovky-2025-02-01-154752-1360x765.png 1360w, https:\/\/jaktodelamemy.cz\/wp-content\/uploads\/2025\/02\/Snimek-obrazovky-2025-02-01-154752.png 1919w\" sizes=\"(max-width: 300px) 100vw, 300px\" \/><\/a>\n\t\t\t<\/div><\/figure>\n\t\t<\/div>\n\n<p>&nbsp;<\/p>\n<\/section>\n","protected":false},"excerpt":{"rendered":"<p>InPrint 3 je specializovan\u00fd software ur\u010den\u00fd k vytv\u00e1\u0159en\u00ed vizu\u00e1ln\u00edch materi\u00e1l\u016f pro osoby se speci\u00e1ln\u00edmi vzd\u011bl\u00e1vac\u00edmi pot\u0159ebami. Umo\u017e\u0148uje snadno vytv\u00e1\u0159et komunika\u010dn\u00ed tabulky, pracovn\u00ed listy, denn\u00ed re\u017eimy a dal\u0161\u00ed podp\u016frn\u00e9 materi\u00e1ly. D\u00edky rozs\u00e1hl\u00e9 knihovn\u011b symbol\u016f Widgit a mo\u017enosti p\u0159izp\u016fsoben\u00ed je ide\u00e1ln\u00ed pro pedagogy, terapeuty i rodi\u010de, kte\u0159\u00ed cht\u011bj\u00ed podpo\u0159it porozum\u011bn\u00ed a komunikaci d\u011bt\u00ed i dosp\u011bl\u00fdch. Vytvo\u0159en\u00e9 materi\u00e1ly [&hellip;]<\/p>\n","protected":false},"author":1,"featured_media":0,"parent":0,"menu_order":0,"comment_status":"closed","ping_status":"closed","template":"","meta":{"footnotes":""},"class_list":["post-120","page","type-page","status-publish","hentry"],"_links":{"self":[{"href":"https:\/\/jaktodelamemy.cz\/index.php?rest_route=\/wp\/v2\/pages\/120","targetHints":{"allow":["GET"]}}],"collection":[{"href":"https:\/\/jaktodelamemy.cz\/index.php?rest_route=\/wp\/v2\/pages"}],"about":[{"href":"https:\/\/jaktodelamemy.cz\/index.php?rest_route=\/wp\/v2\/types\/page"}],"author":[{"embeddable":true,"href":"https:\/\/jaktodelamemy.cz\/index.php?rest_route=\/wp\/v2\/users\/1"}],"replies":[{"embeddable":true,"href":"https:\/\/jaktodelamemy.cz\/index.php?rest_route=%2Fwp%2Fv2%2Fcomments&post=120"}],"version-history":[{"count":27,"href":"https:\/\/jaktodelamemy.cz\/index.php?rest_route=\/wp\/v2\/pages\/120\/revisions"}],"predecessor-version":[{"id":1077,"href":"https:\/\/jaktodelamemy.cz\/index.php?rest_route=\/wp\/v2\/pages\/120\/revisions\/1077"}],"wp:attachment":[{"href":"https:\/\/jaktodelamemy.cz\/index.php?rest_route=%2Fwp%2Fv2%2Fmedia&parent=120"}],"curies":[{"name":"wp","href":"https:\/\/api.w.org\/{rel}","templated":true}]}}